001
List the prime factors of 97967111.
11, 103, 86467
List the prime factors of 182305052.
2, 45576263
What are the prime factors of 46079079?
3, 15359693
List the prime factors of 4555388788.
2, 29, 281, 139753
What are the prime factors of 1385355777?
3, 13, 863, 41161
What are the prime factors of 23395003?
827, 28289
What are the prime factors of 78248593?
19, 109, 37783
List the prime factors of 44180145.
3, 5, 397, 2473
List the prime factors of 1241089252.
2, 13, 307, 77743
What are the prime factors of 565783939?
7, 29, 193, 2063
What are the prime factors of 1159640917?
47, 97, 113, 2251
List the prime factors of 58586071.
58586071
List the prime factors of 83262837.
3, 7, 3964897
What are the prime factors of 37468551?
3, 19, 29, 1193
List the prime factors of 228864349.
7, 667243
List the prime factors of 2191404273.
3, 19, 157, 244877
What are the prime factors of 647345715?
3, 5, 43156381
List the prime factors of 141952165.
5, 37, 767309
List the prime factors of 1439630299.
37, 73, 532999
What are the prime factors of 29122707?
3, 197, 49277
What are the prime factors of 583330112?
2, 17, 536149
What are the prime factors of 130178535?
3, 5, 29, 299261
What are the prime factors of 313074949?
11, 997, 28547
List the prime factors of 95320239.
3, 7, 648437
What are the prime factors of 438573879?
3, 3389, 4793
List the prime factors of 2175969602.
2, 23, 919, 51473
List the prime factors of 2426881526.
2, 191, 6353093
What are the prime factors of 5133209373?
3, 570356597
What are the prime factors of 482806735?
5, 59, 827, 1979
List the prime factors of 51612490.
2, 5, 5161249
List the prime factors of 4016567181.
3, 11, 1459, 83423
What are the prime factors of 413711925?
3, 5, 11, 23, 21803
List the prime factors of 763090889.
11, 71, 977069
What are the prime factors of 788581102?
2, 2711, 145441
List the prime factors of 107444523.
3, 23, 389, 4003
List the prime factors of 128858432.
2, 73, 27581
List the prime factors of 740136685.
5, 389, 380533
What are the prime factors of 3793140229?
3793140229
List the prime factors of 24975196.
2, 19, 328621
List the prime factors of 2554155095.
5, 61, 2711, 3089
What are the prime factors of 3558917997?
3, 395435333
What are the prime factors of 1615080321?
3, 2437, 73637
What are the prime factors of 228152148?
2, 3, 7, 97, 28001
List the prime factors of 1668654191.
509, 3278299
List the prime factors of 37068679.
37068679
List the prime factors of 53110662.
2, 3, 11, 19, 41, 1033
What are the prime factors of 307621268?
2, 76905317
What are the prime factors of 472670533?
17, 27804149
What are the prime factors of 3626962020?
2, 3, 5, 11, 1831799
List the prime factors of 667071845.
5, 11, 41, 295819
What are the prime factors of 306096622?
2, 13, 11772947
What are the prime factors of 335480472?
2, 3, 4659451
What are the prime factors of 132435794?
2, 23, 2879039
List the prime factors of 152175296.
2, 7, 13, 17, 29, 53
List the prime factors of 1605668095.
5, 31, 37, 279977
What are the prime factors of 32105098?
2, 19, 683, 1237
What are the prime factors of 24324722?
2, 17, 139, 5147
What are the prime factors of 10321664?
2, 23, 1753
List the prime factors of 121281948.
2, 3, 139, 2693
List the prime factors of 1850892935.
5, 17, 367, 59333
List the prime factors of 108954730.
2, 5, 67, 137, 1187
What are the prime factors of 58436242?
2, 17, 1718713
What are the prime factors of 673146687?
3, 19, 149, 79259
List the prime factors of 99017290.
2, 5, 67, 147787
What are the prime factors of 554010967?
61, 2753, 3299
List the prime factors of 66315014.
2, 31, 1069597
List the prime factors of 4336255.
5, 7, 11, 1609
List the prime factors of 50889548.
2, 29, 307, 1429
List the prime factors of 10808105.
5, 7, 11, 67, 419
What are the prime factors of 34667171?
7, 11, 450223
List the prime factors of 3090073.
7, 17, 23, 1129
What are the prime factors of 46526364?
2, 3, 19, 251, 271
What are the prime factors of 5045094?
2, 3, 241, 1163
What are the prime factors of 238247246?
2, 119123623
What are the prime factors of 82043490?
2, 3, 5, 157, 17419
List the prime factors of 49390443.
3, 19, 288833
What are the prime factors of 9177992916?
2, 3, 239, 3200137
What are the prime factors of 238355364?
2, 3, 13, 43, 35533
List the prime factors of 707271335.
5, 9067, 15601
What are the prime factors of 746404017?
3, 248801339
List the prime factors of 1172478941.
1172478941
What are the prime factors of 323532249?
3, 7949, 13567
List the prime factors of 424192710.
2, 3, 5, 14139757
What are the prime factors of 4433107086?
2, 3, 246283727
What are the prime factors of 10773848?
2, 29, 46439
What are the prime factors of 9359993?
83, 112771
List the prime factors of 208363904.
2, 7, 232549
List the prime factors of 512426595.
3, 5, 34161773
List the prime factors of 469276913.
7, 67039559
List the prime factors of 25518888.
2, 3, 13127
What are the prime factors of 1504290760?
2, 5, 7, 5372467
What are the prime factors of 517008688?
2, 7, 41, 112589
What are the prime factors of 822171860?
2, 5, 41108593
List the prime factors of 2112459460.
2, 5, 105622973
What are the prime factors of 126199494?
2, 3, 7011083
List the prime factors of 3937481.
3937481
List the prime factors of 177179525.
5, 17, 353, 1181
What are the prime factors of 22111161?
3, 271, 27197
What are the prime factors of 59654365?
5, 11930873
List the prime factors of 91890695.
5, 13, 17, 137, 607
List the prime factors of 168513440.
2, 5, 59, 17851
What are the prime factors of 407163743?
7, 41, 1418689
What are the prime factors of 1132082504?
2, 7, 71, 284729
List the prime factors of 2622002787.
3, 43, 6775201
List the prime factors of 412178654.
2, 206089327
What are the prime factors of 234325445?
5, 46865089
List the prime factors of 12656251.
12656251
What are the prime factors of 271205374?
2, 11, 23, 71, 7549
What are the prime factors of 13584914?
2, 7, 970351
What are the prime factors of 48162470?
2, 5, 769, 6263
What are the prime factors of 138820130?
2, 5, 17, 816589
List the prime factors of 2299787593.
2299787593
List the prime factors of 3822876031.
13, 59, 443, 11251
List the prime factors of 637275890.
2, 5, 63727589
What are the prime factors of 431021768?
2, 31, 1737991
List the prime factors of 1600762401.
3, 7, 25408927
List the prime factors of 96661509.
3, 7, 1091, 4219
List the prime factors of 823399901.
173, 1117, 4261
List the prime factors of 19341502.
2, 53, 182467
What are the prime factors of 8091771?
3, 547, 4931
List the prime factors of 24484784.
2, 73, 20963
List the prime factors of 41934449.
1303, 32183
What are the prime factors of 67994397?
3, 839437
What are the prime factors of 2626827?
3, 7, 43, 2909
What are the prime factors of 115233192?
2, 3, 79, 2251
What are the prime factors of 2281740875?
5, 19, 23, 41771
What are the prime factors of 107955160?
2, 5, 997, 2707
What are the prime factors of 172013866?
2, 86006933
List the prime factors of 6238757.
7, 891251
List the prime factors of 865283808.
2, 3, 1409, 6397
List the prime factors of 2236148937.
3, 11, 836569
What are the prime factors of 274355772?
2, 3, 53, 431377
List the prime factors of 132016959.
3, 19, 85781
List the prime factors of 43441102.
2, 211, 311, 331
List the prime factors of 169166372.
2, 541, 78173
List the prime factors of 364920803.
13, 28070831
List the prime factors of 5161850764.
2, 7, 19, 47, 59, 3499
List the prime factors of 20791674.
2, 3, 41, 9391
What are the prime factors of 4641513487?
13, 357039499
What are the prime factors of 4039289075?
5, 37, 227, 19237
List the prime factors of 83944232.
2, 17, 617237
List the prime factors of 884309241.
3, 15737, 18731
List the prime factors of 4046127.
3, 907, 1487
List the prime factors of 1288690264.
2, 577, 279179
What are the prime factors of 118859321?
7, 16979903
List the prime factors of 376839034.
2, 11, 13, 17, 179, 433
List the prime factors of 2424881401.
107, 269, 84247
List the prime factors of 893096550.
2, 3, 5, 661553
What are the prime factors of 108438309?
3, 7, 1721243
What are the prime factors of 84653175?
3, 5, 29, 38921
What are the prime factors of 162900840?
2, 3, 5, 1357507
List the prime factors of 1769